) + -4 + 6?
6
What is the value of -36 + (2 - 0) + (-82 - -55 - -34)?
-27
12 + -26 + (-3 - (2 - 1)) + -1
-19
Calculate (-10 - -13 - 1) + -16.
-14
Evaluate (-3 - (0 - (0 - 13))) + -69 + 71.
-14
-8 + 5 - ((-7 - (1 + -2)) + 0)
3
What is -27 + 24 + (-3 - 8 - -5)?
-9
Evaluate -13 + (4 - 15 - -5) + 2 + 1.
-16
What is the value of (6 - (6 + (-8 - 2))) + (-2 - -1)?
9
What is 7 + (7 - 19) + (7 - 0) + 5?
7
5 + -2 + -7 - 4
-8
What is the value of (3 - 4 - (-1 + -14)) + -120 + 124?
18
Evaluate -9 + (-17 - (-36 - -9)).
1
Evaluate -6 + 1 + -1 + (-35 - (17 + -50)).
-8
What is (-22 - 7) + (35 - 8)?
-2
Calculate -16 - (1 + -14 + (18 - 13)).
-8
Evaluate 3 + 1 + 0 + -11 + (-69 - -73).
-3
What is (-304 - -259) + -2 + (-1 - (-3 - 9))?
-36
What is the value of -28 + 11 + 36 + -21 + -1 + 12?
9
Calculate 11 + 7 + -9 - 13.
-4
Evaluate 75 + -69 - (10 - (-6 - -2 - -3)).
-5
Calculate 1 + 1 + -2 - 0 - (-43 + 53).
-10
What is the value of -591 + 612 + 4 + -1?
24
Calculate (17 - 4) + 11 - 16.
8
Evaluate (-8 + 15 - 9) + -3 - (20 - 25).
0
What is the value of 3 + (25 - 21 - (3 + 3 + -1))?
2
What is (13 - 1) + (997 - 985)?
24
What is -7 + 12 + -7 + 0 + (-10 - -3)?
-9
What is -15 - (-15 - (2 - 8) - -11)?
-17
(-6 - -4) + (4 - (-4 - -1)) - -2
7
What is 1 - (-8 + -2 + 97 + -108)?
22
What is the value of -4 + 9 + (2 + -11 - -5) + -20?
-19
Calculate -10 + -1 + 18 + 10 + -16.
1
8 + -1 + 2 + (-50 - -46 - -2)
7
Evaluate -2 - (-8 - -13) - -5 - (0 - 6).
4
Calculate 0 + -7 + (8 - 1) + (-5 - 3).
-8
What is the value of -3 + -4 - (14 + (0 - 3))?
-18
Evaluate (-44 - -38) + -2 + 3 + 30.
25
Calculate 2 - (5 + -21 - (1 + -8)).
11
What is the value of -28 + -10 + (19 - 4) + 10?
-13
What is 14 + -12 + 2 + -1?
3
What is (7 - 1) + (27 - 33) + 0 + 14?
14
Calculate 8 - 1 - ((2 - (5 + -35)) + -5).
-20
Calculate 9 - (55 + -44 + -1 + -12).
11
What is the value of 13 + (-16 - (-11 + -1)) - -5?
14
Evaluate (-29 - 5) + 104 + -57.
13
What is the value of -10 - 1 - (22 + (-54 - 2))?
23
(0 - 1) + (8 - -3)
10
Evaluate 15 + (-2 - (8 + (-6 - -2))).
9
Evaluate -19 - ((1 - -39) + -49).
-10
What is 1 - -3 - (43 + -33)?
-6
What is -6 + -6 + (-2 - 3) + 25 + 12?
20
What is the value of -74 + 74 + (-2 - -2) + 10 - 7?
3
What is the value of (-6 - (11 - (29 + -21))) + (-2 - -35)?
24
25 - (-9 + (54 - 22))
2
20 + 16 + -14 + -14 + -8 + 1
1
Calculate -4 + (0 - -4) - (28 - 50).
22
What is 0 - -4 - (21 + (-8 - 5))?
-4
Evaluate (11 - 4) + -6 + -3 + 14.
12
What is -44 - (-1 + -5 - 32)?
-6
What is (8 - 4) + (-2 - (5 - 1)) + 0?
-2
What is -8 - 5 - (-2 - -1 - (21 - 16))?
-7
Calculate -25 + (20 - -21) + -17.
-1
What is (5 - (-5 - -6)) + -2 + (-8 - -9)?
3
(-14 + 8 + -2 - -1) + -2
-9
What is the value of (6 - 10) + (7 + -7 - -23)?
19
1 + (13 - 20) + 5 + -4
-5
What is the value of -11 - (-8 - (8 - 8)) - (1 + -4)?
0
What is the value of -5 + (8 - (3 - -11) - (0 + -7))?
-4
What is the value of -27 - -24 - (20 - 10)?
-13
Calculate -2 + 24 + -42 + (5 - 4) + -2.
-21
What is 4 - ((-4 - -3) + 20)?
-15
What is 9 + (27 - (0 - (-11 + (5 - 3))))?
27
33 + -42 + (-2 - -8) - 4 - -4
-3
Evaluate 4 + (-6 - (-2 - 0)).
0
Calculate 6 + 24 + 6 + (-13 - -1).
24
What is the value of 12 + 12 + 4 - 38?
-10
What is the value of -32 + (-4 - -25) + -10?
-21
What is the value of 0 + -2 - (-63 + 42 + 35)?
-16
Evaluate 40 + -37 + -3 + 1 + -11.
-10
What is the value of 8 - (15 + -9 + 1)?
1
Evaluate -13 - (-11 + 16 + -34).
16
Calculate 0 + 12 - (-5 + (9 - (7 + -7))).
8
Evaluate -6 + (2 - -18) + (-12 - -5).
7
36 - 17 - -6 - 18
7
(15 - ((0 - (-4 + -1)) + 3)) + -10
-3
Evaluate -5 + 5 - (14 - (-5 + 10)) - 6.
-15
What is the value of -8 + 2 + -4 - (29 - 48)?
9
What is -11 + 0 + 9 + -7?
-9
Evaluate 30 + (-13 - 3 - -10 - 6).
18
What is (-20 - (-4 - 9)) + 15?
8
What is 2 + 11 + (-3 + 11 - (16 - -1))?
4
Evaluate -12 - -1 - (-7 - (-38 - -47)).
5
Calculate -7 + 9 + 3 + -4 + 3.
4
What is the value of (-9 - (-13 + 3)) + 3 + -2?
2
Calculate (-7 - (3 - 4)) + (45 - 40).
-1
Evaluate 2 - (3 + -1 + 2) - (-6 - -7).
-3
Calculate 2 + 9 + -37 + -1 + 33.
6
What is 9 - (17 + -25 + (5 - -1) + 0)?
11
(4 - 1 - (-28 - -38)) + 27
20
What is the value of (-5 - -11) + (0 - 3) + (-1 - -7)?
9
What is the value of ((-2 - 1) + 0 + 2 - 3) + -4?
-8
Evaluate (-13 - (10 + -5 + -15)) + 9.
6
Evaluate (16 - (-2 + 2)) + -470 + 459.
5
Evaluate 15 + -3 + 1 - (-4 + 10).
7
(9 + -15 - (-14 + 7) - -1) + -4
-2
Evaluate -13 + 8 + 34 + -19.
10
What is the value of -16 + -6 + 14 + 1 + -1?
-8
What is the value of (-11 - (3 - 13)) + (3 + -2 - 8)?
-8
33 - (31 + -9 - 9)
20
Evaluate (6 - 26) + (4 + 2 - (-20 - -25)).
-19
What is 1 + 17 + (7 - (21 + 3 + -9))?
10
Evaluate -1 + -14 - (469 + -487).
3
What is the value of 7 - (-1 - 9) - 8?
9
Evaluate -7 - (3 - 5) - (-1 - 8).
4
-11 + -17 - (-1 - (15 + -6)) - -3
-15
Calculate 21 + 4048 + -4050 + (-3 + -1 - 1).
14
Calculate -25 - (7 + -1 - 3) - -9.
-19
What is the value of 10 + (5 - 5 - 53) - -17?
-26
Evaluate 1 - (2 + 11) - (-13 - -6 - 28).
23
What is the value of -4 - (-16 + 2 + 12) - -10?
8
Calculate -10 - 1 - (20 - (9 + -3)).
-25
What is the value of (36 - 35) + 11 + -4?
8
Calculate 8 + -29 + 22 - (-2 + -14 + -2).
19
Calculate -9 - ((18 - 1) + (45 - 47)).
-24
What is 2 + (-5 - 3) - (4 - 4) - -9?
3
What is -7 + 0 - -2 - (7 + 14 + -14)?
-12
What is the value of -161 - -151 - (-1 - (25 + -1))?
15
3 - 1 - 4 - (147 - 143)
-6
Evaluate (2 - 17 - (-10 + -13)) + (-28 - -1).
-19
What is the value of -14 - (16 + -26 + 7 + 1)?
-12
Calculate (8 - 1) + -1 - (-82 + 94).
-6
What is 5 + -2 + 3 - (-30 + (-12 - -61))?
-13
What is the value of (5 + -3 - -6) + -2 + 12?
18
What is the value of 1 - 5 - (40 - 25)?
-19
Evaluate 1 + 12 + (-32 - -7) + 11.
-1
Evaluate -10 - (-11 + (-7 - -14)).
-6
Calculate 0 + 4 - 25 - -11.
-10
-39 - ((-2 - -42) + -50)
-29
Calculate (0 - -10) + -277 + 271.
4
What is the value of (-13 - -4) + -4 - (24 - 10)?
-27
What is (3 - 1) + -1 + 107 + -104 + -7?
-3
Calculate 6 + (9 - (5 + 0 - 2)) + -3.
9
Evaluate -33 + (77 - 47) - -42.
39
What is 4 + -3 + (1 - (5 - 0) - -3)?
0
Evaluate -36 - -23 - (-19 + 1).
5
Evaluate (-6 + 4 - -12) + (-8 - -1).
3
What is 9 - ((-15 - -14) + 14)?
-4
Evaluate (13 - (-5 - 3)) + -8.
13
Calculate 2536 - 2528 - (1 - 32).
39
What is 0 + -13 + (51 - (120 + -54))?
-28
What is -40 + 50 - (7 - (7 + 8))?
18
What is the value of 45 + 26 + -54 - 34?
-17
21 - (14 + (-8 - -4) - 2)
13
What is 8 - (13 + -11 - (1 + 20) - -3)?
24
(7 + -8 - -8) + -11 - (1 - 4)
-1
What is 14 - -3 - 9 - -2 - -1?
11
Evaluate -12 + 0 + 6 + 95 + -97.
-8
What is the value of (-28 - -3) + 16 - (1 - (4 + -2))?
-8
What is -1 - 3 - -2 - (-196 - -187)?
7
Calculate (-16 - -35) + -7 + -23.
-11
Calculate (5 - (-10 - (8 + -13))) + 8 + 1.
19
What is the value of (-6 + -10 + 19 - -36) + -11?
28
What is the value of -6 - (-15 + (-16 - -21))?
4
Evaluate 10 + 55 + -42 + 1 + -5.
19
What is -11 - (13 + (1 - 4) + 95 + -118)?
2
Calculate 3 + (20 + -5 - -3) + -5 + -2.
14
Calculate -13 - -14 - 3 - (3 - 2).
-3
What is (1 - -4) + -8 + (9 - 0) - 8?
-2
Evaluate 9 - (-1 + (18 - -2 - 4)).
-6
What is -6 - (7 - ((-1 - 1) + 7))?
-8
Evaluate 3 + (-6 + 10 - -5).
12
Evaluate -7 + 35 + 0 + 2 + -10.
20
Calculate 5 - ((-12 - -4) + -1 - -11).
3
What is (-15 - -3) + 4 - -11?
3
What is 23 - (-4 + 7) - (-24 + 21 - 2)?
25
What is the value of 5 - (1 + -1 + -89 + 89)?
5
What is -1 + 5 + 1 + 5 + 29 + -39?
0
(6 - (6 - -18)) + 18
0
What is 6 + -10 - (91 + -68)?
-27
-168 - -214 - (2 - 2) - 18
28
(3 - -6) + -19 + 31 + -37
-16
What is the value of 37 + -11 + -34 - (0 - 0)?
-8
Evaluate (-8 - 7) + 24 + -1.
8
Calculate -29 + (16 - -17) + 1 + -24.
-19
Evaluate (-6 - ((-13 - 17) + -1)) + -1.
24
What is the value of -22 + 8 - (-9 - (2 - 2)) - -27?
22
What is the value of 1 - 23 - (-39 - -19)?
-2
What is the value of -1 + (-5 - -16) + (0 - (2 + -2))?
10
Calculate 3 + 3 + -15 + -189 + 177.
-21
What is the value of -7 - (22 + (-34 - -2))?
3
Calculate 14 + -37 + 32 - 12.
-3
-7 - (-8 - 6) - (-39 + 31)
15
Calculate (7 - (-17 - -24)) + (13 - 4) + 1.
10
13 + -10 + (0 - -2) - (-2 + -4)
11
(1 - (-1 + 13) - -1) + 2
-8
(-30 - -29) + (1 - 1) + 6 + -15
-10
Calculate 12 + (-6 + -1 - (7 + -8)) - 4.
2
Evaluate 3 + -8 + (6 - 12) - -5.
-6
Evaluate (0 - -4) + -8 + -11 + 8.
-7
Calculate -19 - (0 + -20 + -52 + 19).
34
Calculate 29 - (-6 - (-7 + 0 + -1 + -1)).
26
E